e greatest common divisor of 880 and 170896?
176
What is the greatest common divisor of 84 and 50316?
84
What is the highest common factor of 4512 and 2874?
6
Calculate the greatest common factor of 3125 and 79375.
625
What is the highest common divisor of 8721 and 27?
27
What is the highest common factor of 5853 and 117?
3
What is the greatest common divisor of 53494 and 14?
14
Calculate the highest common factor of 110 and 53570.
110
Calculate the greatest common divisor of 154656 and 64.
32
Calculate the highest common factor of 74115 and 1755.
135
Calculate the greatest common factor of 11747 and 119.
17
Calculate the highest common divisor of 14672 and 1057.
7
What is the greatest common factor of 819 and 235326?
273
What is the highest common divisor of 6392 and 25944?
376
Calculate the highest common divisor of 5406 and 17278.
106
What is the greatest common factor of 560 and 385140?
140
Calculate the greatest common factor of 352 and 97416.
88
Calculate the highest common divisor of 2072 and 9246300.
1036
What is the greatest common divisor of 282 and 59028?
6
Calculate the greatest common divisor of 15875 and 254.
127
What is the greatest common divisor of 18243 and 2232?
9
Calculate the highest common divisor of 181 and 4352869.
181
What is the highest common factor of 1356 and 9192?
12
Calculate the highest common factor of 15 and 6074535.
15
What is the greatest common divisor of 7298 and 4094?
178
Calculate the highest common factor of 1101 and 153.
3
Calculate the greatest common factor of 19992 and 4.
4
Calculate the greatest common divisor of 1 and 252131.
1
Calculate the greatest common factor of 315864 and 82.
82
What is the highest common factor of 1285 and 160?
5
Calculate the greatest common factor of 132 and 35827.
11
Calculate the greatest common factor of 3695419 and 273.
91
Calculate the greatest common factor of 1309 and 4780468.
1309
What is the greatest common factor of 912 and 81776?
304
Calculate the greatest common factor of 180 and 438012.
36
What is the highest common factor of 502 and 256271?
251
What is the greatest common factor of 1026 and 8664?
114
Calculate the highest common divisor of 114279 and 1749.
33
What is the greatest common factor of 12 and 574878?
6
What is the highest common divisor of 421994 and 514?
514
What is the highest common factor of 5143 and 1850?
37
Calculate the greatest common divisor of 122108 and 1068.
356
Calculate the highest common divisor of 498 and 19818.
6
Calculate the greatest common divisor of 64 and 2080.
32
What is the greatest common factor of 381759 and 7?
7
Calculate the highest common divisor of 140100 and 1920.
60
What is the greatest common factor of 752 and 7760?
16
What is the greatest common divisor of 579247 and 2540?
127
Calculate the highest common factor of 473424 and 240.
48
What is the greatest common divisor of 6348 and 6?
6
What is the highest common divisor of 90 and 29862?
18
What is the greatest common factor of 9168 and 41829?
573
Calculate the highest common factor of 295 and 18703.
59
Calculate the greatest common factor of 5846 and 632.
158
What is the highest common factor of 7524 and 4092?
132
What is the greatest common divisor of 25187 and 89?
89
What is the greatest common factor of 399333 and 363?
33
What is the highest common factor of 36 and 3363?
3
What is the greatest common divisor of 4404 and 1434?
6
Calculate the highest common divisor of 15533 and 7291.
317
Calculate the highest common divisor of 2950 and 945.
5
What is the highest common factor of 114 and 380?
38
What is the highest common factor of 20410 and 390?
130
What is the highest common divisor of 6314 and 3241?
7
What is the greatest common divisor of 112854 and 84?
42
Calculate the greatest common divisor of 2788665 and 165.
165
What is the greatest common factor of 1758190 and 14?
14
Calculate the highest common factor of 8448 and 3740.
44
What is the highest common factor of 38912 and 115520?
1216
Calculate the highest common divisor of 17048 and 24.
8
Calculate the highest common factor of 3320 and 3640.
40
What is the highest common divisor of 1156 and 90644?
68
Calculate the highest common factor of 180 and 118800.
180
What is the greatest common factor of 12970 and 1840?
10
Calculate the greatest common divisor of 408 and 62152.
136
What is the greatest common factor of 41580 and 588?
84
Calculate the greatest common factor of 7826 and 910.
182
Calculate the highest common factor of 655 and 15415.
5
What is the greatest common divisor of 392231 and 685?
137
What is the highest common factor of 222824 and 6401?
173
What is the highest common divisor of 992 and 400?
16
Calculate the greatest common divisor of 60 and 13268.
4
What is the highest common divisor of 10952578 and 39?
13
What is the greatest common factor of 1353350 and 50?
50
What is the highest common factor of 84 and 1236?
12
What is the greatest common factor of 34272402 and 993?
993
Calculate the highest common divisor of 224305 and 2260.
565
Calculate the highest common divisor of 206 and 10821386.
206
What is the highest common divisor of 5073 and 43521?
267
What is the greatest common factor of 4 and 5160572?
4
Calculate the highest common factor of 17608 and 8733.
71
What is the greatest common divisor of 268429 and 651?
217
What is the highest common factor of 303630 and 5?
5
What is the greatest common factor of 16808 and 6248?
88
What is the highest common divisor of 11 and 10417?
11
What is the highest common divisor of 882 and 3003?
21
What is the greatest common divisor of 326861 and 3732?
311
Calculate the greatest common divisor of 27897 and 102.
51
What is the highest common divisor of 64224 and 4464?
144
Calculate the highest common divisor of 6076 and 1225.
49
Calculate the highest common divisor of 52 and 475618.
26
What is the greatest common divisor of 221409 and 18396?
657
Calculate the greatest common factor of 693861 and 259.
259
Calculate the greatest common factor of 7983 and 2367.
9
Calculate the greatest common factor of 13768 and 1384.
8
What is the highest common factor of 50881 and 67014?
1241
Calculate the highest common divisor of 805 and 37996.
161
Calculate the greatest common divisor of 89012 and 308.
308
Calculate the greatest common divisor of 24650 and 3570.
170
Calculate the highest common factor of 11667 and 3.
3
Calculate the highest common divisor of 58 and 3.
1
What is the greatest common divisor of 210243 and 14421?
759
Calculate the highest common divisor of 39 and 1875.
3
What is the highest common divisor of 410879 and 9401?
553
Calculate the greatest common divisor of 3171 and 1911.
21
What is the greatest common factor of 75480 and 6630?
510
Calculate the highest common factor of 65272 and 16.
8
What is the greatest common factor of 66 and 291918?
66
What is the greatest common factor of 7111 and 2951?
13
Calculate the highest common divisor of 24 and 47526.
6
Calculate the highest common factor of 78 and 6456216.
78
What is the highest common factor of 2028 and 2724?
12
What is the greatest common divisor of 333 and 10841?
37
What is the highest common factor of 270 and 21438?
54
What is the greatest common factor of 4814 and 53203?
83
What is the highest common factor of 10488 and 1311?
1311
Calculate the highest common factor of 700 and 45800.
100
Calculate the highest common divisor of 12 and 303.
3
Calculate the highest common divisor of 28854 and 882.
126
What is the highest common divisor of 117 and 138357?
9
Calculate the greatest common factor of 1475872 and 3264.
544
Calculate the highest common factor of 4869 and 4491.
9
Calculate the greatest common divisor of 34362 and 414.
414
What is the greatest common divisor of 19596 and 3749?
23
What is the highest common divisor of 261649 and 47?
47
Calculate the highest common divisor of 687080 and 16020.
1780
What is the greatest common divisor of 1720 and 241230?
430
Calculate the greatest common divisor of 106252 and 6868.
404
What is the highest common divisor of 1677654 and 407?
407
What is the highest common divisor of 117 and 91299?
39
Calculate the highest common factor of 707571 and 174.
87
Calculate the greatest common factor of 88614 and 59623.
547
What is the highest common divisor of